{"id":88,"date":"2025-09-23T16:46:18","date_gmt":"2025-09-23T14:46:18","guid":{"rendered":"https:\/\/www.uto.edu.bo\/?page_id=88"},"modified":"2025-11-12T20:15:15","modified_gmt":"2025-11-12T19:15:15","slug":"planif-y-des-institucional","status":"publish","type":"page","link":"https:\/\/www.uto.edu.bo\/?page_id=88","title":{"rendered":"Planif. y Des. Institucional"},"content":{"rendered":"\n<style>\n#dpdi-container .autoridades-container {\n    background: linear-gradient(135deg, #f5f7fa 0%, #c3cfe2 100%);\n    padding: 60px 20px;\n    min-height: 100vh;\n}\n\n#dpdi-container .container {\n    max-width: 1200px;\n    margin: 0 auto;\n}\n\n#dpdi-container .logo-container {\n    display: flex;\n    justify-content: center;\n    margin-bottom: 30px;\n}\n\n#dpdi-container .dpdi-logo {\n    width: 150px;\n    height: 150px;\n    border-radius: 50%;\n    object-fit: contain;\n    border: 5px solid white;\n    box-shadow: 0 10px 30px rgba(0, 0, 0, 0.2);\n    background: white;\n    padding: 10px;\n}\n\n#dpdi-container h1.dpdi-titulo-principal {\n    text-align: center;\n    margin-bottom: 40px;\n    color: #2c3e50;\n    font-size: 2.4rem;\n    text-shadow: 1px 1px 3px rgba(0,0,0,0.1);\n    position: relative;\n    padding-bottom: 15px;\n}\n\n#dpdi-container h1.dpdi-titulo-principal:after {\n    content: '';\n    position: absolute;\n    bottom: 0;\n    left: 50%;\n    transform: translateX(-50%);\n    width: 300px;\n    height: 4px;\n    background: linear-gradient(to right, #3498db, #e74c3c);\n    border-radius: 2px;\n}\n\n#dpdi-container .dpdi-card {\n    background-color: white;\n    border-radius: 20px;\n    box-shadow: 0 15px 35px rgba(0, 0, 0, 0.1);\n    padding: 40px;\n    margin-bottom: 30px;\n    position: relative;\n    overflow: hidden;\n    transition: all 0.4s ease;\n}\n\n#dpdi-container .dpdi-card:before {\n    content: '';\n    position: absolute;\n    top: 0;\n    left: 0;\n    width: 100%;\n    height: 6px;\n    background: linear-gradient(to right, #3498db, #e74c3c);\n}\n\n#dpdi-container .dpdi-card:hover {\n    transform: translateY(-8px);\n    box-shadow: 0 20px 40px rgba(0, 0, 0, 0.15);\n}\n\n#dpdi-container h3.dpdi-subtitulo {\n    color: #2c3e50;\n    font-size: 1.6rem;\n    margin-bottom: 20px;\n    padding-bottom: 10px;\n    border-bottom: 2px solid;\n    position: relative;\n}\n\n#dpdi-container h3.dpdi-subtitulo:after {\n    content: '';\n    position: absolute;\n    bottom: -2px;\n    left: 0;\n    width: 80px;\n    height: 2px;\n}\n\n\/* Colores alternados para subt\u00edtulos *\/\n#dpdi-container .dpdi-card:nth-child(odd) h3.dpdi-subtitulo {\n    border-bottom-color: #3498db;\n}\n\n#dpdi-container .dpdi-card:nth-child(odd) h3.dpdi-subtitulo:after {\n    background: linear-gradient(to right, #3498db, #2980b9);\n}\n\n#dpdi-container .dpdi-card:nth-child(even) h3.dpdi-subtitulo {\n    border-bottom-color: #e74c3c;\n}\n\n#dpdi-container .dpdi-card:nth-child(even) h3.dpdi-subtitulo:after {\n    background: linear-gradient(to right, #e74c3c, #c0392b);\n}\n\n#dpdi-container p.dpdi-texto {\n    color: #34495e;\n    font-size: 1.1rem;\n    line-height: 1.7;\n    margin-bottom: 20px;\n    text-align: justify;\n}\n\n#dpdi-container .dpdi-lista {\n    background: #f8f9fa;\n    padding: 25px 25px 25px 50px;\n    border-radius: 15px;\n    margin: 20px 0;\n    border-left: 4px solid;\n}\n\n#dpdi-container .dpdi-card:nth-child(odd) .dpdi-lista {\n    border-left-color: #3498db;\n    background: linear-gradient(135deg, #f8f9fa 0%, #e3f2fd 100%);\n}\n\n#dpdi-container .dpdi-card:nth-child(even) .dpdi-lista {\n    border-left-color: #e74c3c;\n    background: linear-gradient(135deg, #f8f9fa 0%, #ffebee 100%);\n}\n\n#dpdi-container .dpdi-lista ul {\n    list-style: none;\n    padding: 0;\n    margin: 0;\n}\n\n#dpdi-container .dpdi-lista li {\n    color: #34495e;\n    font-size: 1.1rem;\n    line-height: 1.6;\n    margin-bottom: 15px;\n    padding: 12px 15px;\n    background: white;\n    border-radius: 8px;\n    box-shadow: 0 3px 10px rgba(0, 0, 0, 0.08);\n    position: relative;\n    transition: all 0.3s ease;\n}\n\n#dpdi-container .dpdi-lista li:hover {\n    transform: translateX(5px);\n    box-shadow: 0 5px 15px rgba(0, 0, 0, 0.12);\n}\n\n#dpdi-container .dpdi-lista li:before {\n    content: '\u25ba';\n    position: absolute;\n    left: -25px;\n    top: 50%;\n    transform: translateY(-50%);\n    color: #3498db;\n    font-size: 1rem;\n}\n\n#dpdi-container .dpdi-card:nth-child(even) .dpdi-lista li:before {\n    color: #e74c3c;\n}\n\n#dpdi-container .contacts {\n    background: linear-gradient(135deg, #3498db, #e74c3c);\n    color: white;\n    padding: 25px;\n    border-radius: 15px;\n    text-align: center;\n    font-size: 1.2rem;\n    line-height: 1.8;\n    margin-top: 30px;\n    box-shadow: 0 10px 25px rgba(52, 152, 219, 0.3);\n}\n\n#dpdi-container .footer-note {\n    text-align: center;\n    margin-top: 50px;\n    color: #7f8c8d;\n    font-style: italic;\n    padding: 20px;\n    background: white;\n    border-radius: 15px;\n    box-shadow: 0 5px 15px rgba(0, 0, 0, 0.1);\n}\n\n\/* Responsive *\/\n@media (max-width: 768px) {\n    #dpdi-container .dpdi-card {\n        padding: 30px 20px;\n        margin-bottom: 25px;\n    }\n    \n    #dpdi-container h1.dpdi-titulo-principal {\n        font-size: 2rem;\n    }\n    \n    #dpdi-container h3.dpdi-subtitulo {\n        font-size: 1.4rem;\n    }\n    \n    #dpdi-container p.dpdi-texto {\n        font-size: 1rem;\n        text-align: left;\n    }\n    \n    #dpdi-container .dpdi-lista {\n        padding: 20px 20px 20px 40px;\n    }\n    \n    #dpdi-container .dpdi-lista li {\n        font-size: 1rem;\n        padding: 10px 12px;\n    }\n    \n    #dpdi-container .dpdi-lista li:before {\n        left: -20px;\n    }\n    \n    #dpdi-container .contacts {\n        padding: 20px;\n        font-size: 1.1rem;\n    }\n    \n    #dpdi-container .dpdi-logo {\n        width: 120px;\n        height: 120px;\n    }\n}\n\n@media (max-width: 480px) {\n    #dpdi-container .autoridades-container {\n        padding: 40px 15px;\n    }\n    \n    #dpdi-container .dpdi-card {\n        padding: 25px 15px;\n    }\n    \n    #dpdi-container h1.dpdi-titulo-principal {\n        font-size: 1.6rem;\n    }\n    \n    #dpdi-container h3.dpdi-subtitulo {\n        font-size: 1.3rem;\n    }\n    \n    #dpdi-container .dpdi-lista {\n        padding: 15px 15px 15px 35px;\n    }\n    \n    #dpdi-container .dpdi-lista li {\n        font-size: 0.95rem;\n    }\n    \n    #dpdi-container .dpdi-lista li:before {\n        left: -18px;\n    }\n    \n    #dpdi-container .dpdi-logo {\n        width: 100px;\n        height: 100px;\n    }\n}\n<\/style>\n\n<div id=\"dpdi-container\">\n    <div class=\"autoridades-container\">\n        <div class=\"container\">\n            <div class=\"logo-container\">\n                <img decoding=\"async\" data-src=\"https:\/\/www.uto.edu.bo\/wp-content\/uploads\/2025\/10\/DPDI_UTO_LOGO.png\" alt=\"DPDI Logo\" class=\"dpdi-logo lazyload\" src=\"data:image\/svg+xml;base64,PHN2ZyB3aWR0aD0iMSIgaGVpZ2h0PSIxIiB4bWxucz0iaHR0cDovL3d3dy53My5vcmcvMjAwMC9zdmciPjwvc3ZnPg==\" style=\"--smush-placeholder-width: 768px; --smush-placeholder-aspect-ratio: 768\/325;\">\n            <\/div>\n            <h1 class=\"dpdi-titulo-principal\">DIRECCI\u00d3N DE PLANIFICACI\u00d3N Y DESARROLLO INSTITUCIONAL<\/h1>\n            \n            <!-- Rese\u00f1a Hist\u00f3rica -->\n            <div class=\"dpdi-card\">\n                <h3 class=\"dpdi-subtitulo\">Breve rese\u00f1a hist\u00f3rica:<\/h3>\n                <p class=\"dpdi-texto\">\n                    La Planificaci\u00f3n como proceso de establecer metas y elegir los medios para alcanzar dichas metas, estuvo intr\u00ednsecamente unida al funcionamiento de la Universidad T\u00e9cnica de Oruro. Desde su fundaci\u00f3n, a lo largo de la vida institucional de la universidad,\n                    este proceso estaba restringido a las funciones y decisi\u00f3n de las autoridades universitarias y los \u00f3rganos de gobierno universitario. Con el transcurso del tiempo y las necesidades de que esta ciencia sea una organizaci\u00f3n, direcci\u00f3n y\n                    control institucional, estas funciones se asignaron a diferentes oficinas de la administraci\u00f3n central: la Direcci\u00f3n Administrativa y Financiera, Direcci\u00f3n Acad\u00e9mica, entre otros.\n                <\/p>\n                <p class=\"dpdi-texto\">\n                    Ante la necesidad de separar funciones espec\u00edficas y sistematizar la planificaci\u00f3n en la administraci\u00f3n universitaria, mediante resoluci\u00f3n del Honorable Consejo Universitario No. 03\/96 de fecha 31 de enero de 1996, durante la gesti\u00f3n rectoral del Ing.\n                    Pablo Zubieta Arce, se crea la \u00abDirecci\u00f3n de Planificaci\u00f3n, Evaluaci\u00f3n y Acreditaci\u00f3n\u00bb. Esta oficina funcion\u00f3 hasta que la necesidad de separar las funciones de planificaci\u00f3n de las de evaluaci\u00f3n y acreditaci\u00f3n llev\u00f3 a su cambio de nombre\n                    a DIRECCI\u00d3N DE PLANIFICACI\u00d3N Y DESARROLLO INSTITUCIONAL, (D.P.D.I.) el 1 de mayo de 2003.\n                <\/p>\n            <\/div>\n            \n            <!-- Objetivo General -->\n            <div class=\"dpdi-card\">\n                <h3 class=\"dpdi-subtitulo\">Objetivo general:<\/h3>\n                <p class=\"dpdi-texto\">\n                    La Direcci\u00f3n de Planificaci\u00f3n y Desarrollo Institucional (D.P.D.I.) tiene como objetivo principal fortalecer y fomentar la pr\u00e1ctica de la planificaci\u00f3n como proceso para la toma de decisiones en la Universidad T\u00e9cnica de Oruro y orientar a la comunidad\n                    universitaria en la capacitaci\u00f3n, formulaci\u00f3n, elaboraci\u00f3n y asesoramiento de diferentes programas y proyectos de car\u00e1cter institucional.\n                <\/p>\n            <\/div>\n            \n            <!-- Objetivo Espec\u00edfico -->\n            <div class=\"dpdi-card\">\n                <h3 class=\"dpdi-subtitulo\">Objetivo espec\u00edfico:<\/h3>\n                <p class=\"dpdi-texto\">\n                    Elaborar y establecer l\u00edneas prioritarias de desarrollo, objetivos estrat\u00e9gicos, y criterios de medida en base al Plan General de Desarrollo Institucional; promover y orientar el desarrollo organizacional para mejorar los niveles de eficiencia y eficacia\n                    en la Universidad T\u00e9cnica de Oruro.\n                <\/p>\n            <\/div>\n            \n            <!-- Funciones -->\n            <div class=\"dpdi-card\">\n                <h3 class=\"dpdi-subtitulo\">Funciones:<\/h3>\n                <div class=\"dpdi-lista\">\n                    <ul>\n                        <li>Coordinar con las autoridades universitarias las l\u00edneas estrat\u00e9gicas y directrices para la elaboraci\u00f3n del Plan de Desarrollo Institucional.<\/li>\n                        <li>Coordinar la elaboraci\u00f3n de los Programas de Operaci\u00f3n Anual (P.O.A.) con las unidades facultativas y dependencias de la administraci\u00f3n.<\/li>\n                        <li>Velar para que los planes operativos anuales de la Universidad est\u00e9n en concordancia con los objetivos y pol\u00edticas del Plan Estrat\u00e9gico Anual.<\/li>\n                        <li>Asesorar a todas las unidades acad\u00e9micas y \u00e1reas funcionales en la elaboraci\u00f3n de los POAs.<\/li>\n                        <li>Promover el desarrollo organizacional de la U.T.O., proponiendo y coordinando cambios en la estructura organizativa.<\/li>\n                        <li>Proponer manuales administrativos y reglamentos necesarios para el mejoramiento administrativo.<\/li>\n                        <li>Evaluar y aprobar los proyectos de inversi\u00f3n en infraestructura y equipamiento.<\/li>\n                        <li>Planificar, organizar y programar la ejecuci\u00f3n de obras de ingenier\u00eda mediante el Departamento de Infraestructura.<\/li>\n                        <li>Coordinar la impresi\u00f3n de material necesario para las actividades cient\u00edficas, culturales y administrativas de la Universidad.<\/li>\n                    <\/ul>\n                <\/div>\n            <\/div>\n            \n            <!-- Relaciones -->\n            <div class=\"dpdi-card\">\n                <h3 class=\"dpdi-subtitulo\">Relaciones con otras dependencias:<\/h3>\n                <div class=\"dpdi-lista\">\n                    <ul>\n                        <li>Autoridades Universitarias.<\/li>\n                        <li>Autoridades de las diferentes Unidades Acad\u00e9micas.<\/li>\n                        <li>Direcciones, Departamentos, divisiones y \u00e1reas funcionales de la Universidad T\u00e9cnica de Oruro.<\/li>\n                    <\/ul>\n                <\/div>\n            <\/div>\n            \n            <!-- Composici\u00f3n -->\n            <div class=\"dpdi-card\">\n                <h3 class=\"dpdi-subtitulo\">Composici\u00f3n actual:<\/h3>\n                <p class=\"dpdi-texto\">\n                    La Direcci\u00f3n de Planificaci\u00f3n y Desarrollo Institucional, unidad dependiente del Rectorado, tiene bajo su dependencia las siguientes unidades administrativas:\n                <\/p>\n                <div class=\"dpdi-lista\">\n                    <ul>\n                        <li>Unidad de Coordinaci\u00f3n y Planificaci\u00f3n.<\/li>\n                        <li>Departamento de Desarrollo Organizacional.<\/li>\n                        <li>Departamento de Infraestructura.<\/li>\n                        <li>Unidad de Proyectos.<\/li>\n                        <li>Editorial Universitaria.<\/li>\n                    <\/ul>\n                <\/div>\n            <\/div>\n            \n            <!-- Contactos -->\n            <div class=\"dpdi-card\">\n                <h3 class=\"dpdi-subtitulo\">Contactos:<\/h3>\n                <p class=\"contacts\">\n                    Edificio Rectorado<br> \n                    Telf: 52-81745; FAX 52-42215; Casilla 49<br> \n                    Email: dpdi@uto.edu.bo\n                <\/p>\n            <\/div>\n\n        <\/div>\n    <\/div>\n<\/div>\n\n\n\n<p><\/p>\n","protected":false},"excerpt":{"rendered":"<p>DIRECCI\u00d3N DE PLANIFICACI\u00d3N Y DESARROLLO INSTITUCIONAL Breve rese\u00f1a hist\u00f3rica: La Planificaci\u00f3n como proceso de establecer metas y elegir los medios para alcanzar dichas metas, estuvo intr\u00ednsecamente unida al funcionamiento de la Universidad T\u00e9cnica de Oruro. Desde su fundaci\u00f3n, a lo largo de la vida institucional de la universidad, este proceso estaba restringido a las funciones [&hellip;]<\/p>\n","protected":false},"author":1,"featured_media":0,"parent":0,"menu_order":0,"comment_status":"closed","ping_status":"closed","template":"","meta":{"_uag_custom_page_level_css":"","site-sidebar-layout":"default","site-content-layout":"","ast-site-content-layout":"default","site-content-style":"default","site-sidebar-style":"default","ast-global-header-display":"","ast-banner-title-visibility":"","ast-main-header-display":"","ast-hfb-above-header-display":"","ast-hfb-below-header-display":"","ast-hfb-mobile-header-display":"","site-post-title":"disabled","ast-breadcrumbs-content":"","ast-featured-img":"","footer-sml-layout":"","theme-transparent-header-meta":"","adv-header-id-meta":"","stick-header-meta":"","header-above-stick-meta":"","header-main-stick-meta":"","header-below-stick-meta":"","astra-migrate-meta-layouts":"default","ast-page-background-enabled":"default","ast-page-background-meta":{"desktop":{"background-color":"var(--ast-global-color-5)","background-image":"","background-repeat":"repeat","background-position":"center center","background-size":"auto","background-attachment":"scroll","background-type":"","background-media":"","overlay-type":"","overlay-color":"","overlay-opacity":"","overlay-gradient":""},"tablet":{"background-color":"","background-image":"","background-repeat":"repeat","background-position":"center center","background-size":"auto","background-attachment":"scroll","background-type":"","background-media":"","overlay-type":"","overlay-color":"","overlay-opacity":"","overlay-gradient":""},"mobile":{"background-color":"","background-image":"","background-repeat":"repeat","background-position":"center center","background-size":"auto","background-attachment":"scroll","background-type":"","background-media":"","overlay-type":"","overlay-color":"","overlay-opacity":"","overlay-gradient":""}},"ast-content-background-meta":{"desktop":{"background-color":"var(--ast-global-color-4)","background-image":"","background-repeat":"repeat","background-position":"center center","background-size":"auto","background-attachment":"scroll","background-type":"","background-media":"","overlay-type":"","overlay-color":"","overlay-opacity":"","overlay-gradient":""},"tablet":{"background-color":"var(--ast-global-color-4)","background-image":"","background-repeat":"repeat","background-position":"center center","background-size":"auto","background-attachment":"scroll","background-type":"","background-media":"","overlay-type":"","overlay-color":"","overlay-opacity":"","overlay-gradient":""},"mobile":{"background-color":"var(--ast-global-color-4)","background-image":"","background-repeat":"repeat","background-position":"center center","background-size":"auto","background-attachment":"scroll","background-type":"","background-media":"","overlay-type":"","overlay-color":"","overlay-opacity":"","overlay-gradient":""}},"_themeisle_gutenberg_block_has_review":false,"footnotes":""},"class_list":["post-88","page","type-page","status-publish","hentry"],"uagb_featured_image_src":{"full":false,"thumbnail":false,"medium":false,"medium_large":false,"large":false,"1536x1536":false,"2048x2048":false},"uagb_author_info":{"display_name":"UTO","author_link":"https:\/\/www.uto.edu.bo\/?author=1"},"uagb_comment_info":0,"uagb_excerpt":"DIRECCI\u00d3N DE PLANIFICACI\u00d3N Y DESARROLLO INSTITUCIONAL Breve rese\u00f1a hist\u00f3rica: La Planificaci\u00f3n como proceso de establecer metas y elegir los medios para alcanzar dichas metas, estuvo intr\u00ednsecamente unida al funcionamiento de la Universidad T\u00e9cnica de Oruro. Desde su fundaci\u00f3n, a lo largo de la vida institucional de la universidad, este proceso estaba restringido a las funciones&hellip;","_links":{"self":[{"href":"https:\/\/www.uto.edu.bo\/index.php?rest_route=\/wp\/v2\/pages\/88","targetHints":{"allow":["GET"]}}],"collection":[{"href":"https:\/\/www.uto.edu.bo\/index.php?rest_route=\/wp\/v2\/pages"}],"about":[{"href":"https:\/\/www.uto.edu.bo\/index.php?rest_route=\/wp\/v2\/types\/page"}],"author":[{"embeddable":true,"href":"https:\/\/www.uto.edu.bo\/index.php?rest_route=\/wp\/v2\/users\/1"}],"replies":[{"embeddable":true,"href":"https:\/\/www.uto.edu.bo\/index.php?rest_route=%2Fwp%2Fv2%2Fcomments&post=88"}],"version-history":[{"count":8,"href":"https:\/\/www.uto.edu.bo\/index.php?rest_route=\/wp\/v2\/pages\/88\/revisions"}],"predecessor-version":[{"id":1233,"href":"https:\/\/www.uto.edu.bo\/index.php?rest_route=\/wp\/v2\/pages\/88\/revisions\/1233"}],"wp:attachment":[{"href":"https:\/\/www.uto.edu.bo\/index.php?rest_route=%2Fwp%2Fv2%2Fmedia&parent=88"}],"curies":[{"name":"wp","href":"https:\/\/api.w.org\/{rel}","templated":true}]}}