{"id":102,"date":"2025-09-23T16:46:18","date_gmt":"2025-09-23T14:46:18","guid":{"rendered":"https:\/\/www.uto.edu.bo\/?page_id=102"},"modified":"2025-11-12T19:52:08","modified_gmt":"2025-11-12T18:52:08","slug":"convenios-academicos","status":"publish","type":"page","link":"https:\/\/www.uto.edu.bo\/?page_id=102","title":{"rendered":"Convenios Acad\u00e9micos"},"content":{"rendered":"\n<style>\n#convenios-container .autoridades-container {\n    background: linear-gradient(135deg, #f5f7fa 0%, #c3cfe2 100%);\n    padding: 60px 20px;\n    min-height: 100vh;\n}\n\n#convenios-container .container {\n    max-width: 1200px;\n    margin: 0 auto;\n}\n\n#convenios-container h1.convenios-titulo-principal {\n    text-align: center;\n    margin-bottom: 50px;\n    color: #2c3e50;\n    font-size: 2.8rem;\n    text-shadow: 1px 1px 3px rgba(0,0,0,0.1);\n    position: relative;\n    padding-bottom: 15px;\n}\n\n#convenios-container h1.convenios-titulo-principal:after {\n    content: '';\n    position: absolute;\n    bottom: 0;\n    left: 50%;\n    transform: translateX(-50%);\n    width: 300px;\n    height: 4px;\n    background: linear-gradient(to right, #3498db, #2c3e50);\n    border-radius: 2px;\n}\n\n#convenios-container .convenios-card {\n    background-color: white;\n    border-radius: 20px;\n    box-shadow: 0 15px 35px rgba(0, 0, 0, 0.1);\n    padding: 50px;\n    margin-bottom: 40px;\n    position: relative;\n    overflow: hidden;\n    transition: all 0.4s ease;\n    text-align: center;\n}\n\n#convenios-container .convenios-card:before {\n    content: '';\n    position: absolute;\n    top: 0;\n    left: 0;\n    width: 100%;\n    height: 6px;\n    background: linear-gradient(to right, #27ae60, #219a52);\n}\n\n#convenios-container .convenios-card:hover {\n    transform: translateY(-10px);\n    box-shadow: 0 20px 40px rgba(0, 0, 0, 0.15);\n}\n\n#convenios-container .convenios-icono-principal {\n    width: 100px;\n    height: 100px;\n    background: linear-gradient(135deg, #27ae60, #219a52);\n    border-radius: 50%;\n    display: flex;\n    align-items: center;\n    justify-content: center;\n    color: white;\n    font-size: 3rem;\n    margin: 0 auto 30px;\n    box-shadow: 0 10px 30px rgba(39, 174, 96, 0.3);\n    transition: all 0.3s ease;\n}\n\n#convenios-container .convenios-card:hover .convenios-icono-principal {\n    transform: scale(1.1) rotate(5deg);\n}\n\n#convenios-container .convenios-descripcion {\n    color: #7f8c8d;\n    font-size: 1.3rem;\n    line-height: 1.6;\n    margin-bottom: 40px;\n    text-align: center;\n    font-style: italic;\n}\n\n#convenios-container .convenio-link {\n    display: inline-block;\n    background: linear-gradient(135deg, #27ae60, #219a52);\n    color: white;\n    text-decoration: none;\n    padding: 20px 40px;\n    border-radius: 15px;\n    font-size: 1.3rem;\n    font-weight: 600;\n    transition: all 0.3s ease;\n    box-shadow: 0 8px 25px rgba(39, 174, 96, 0.3);\n    display: flex;\n    align-items: center;\n    gap: 15px;\n    max-width: 500px;\n    margin: 0 auto;\n}\n\n#convenios-container .convenio-link:hover {\n    transform: translateY(-5px);\n    box-shadow: 0 12px 35px rgba(39, 174, 96, 0.4);\n    background: linear-gradient(135deg, #219a52, #1e8449);\n}\n\n#convenios-container .link-icono {\n    width: 50px;\n    height: 50px;\n    background: rgba(255, 255, 255, 0.2);\n    border-radius: 10px;\n    display: flex;\n    align-items: center;\n    justify-content: center;\n    font-size: 1.5rem;\n    flex-shrink: 0;\n}\n\n#convenios-container .link-texto {\n    flex: 1;\n    text-align: left;\n}\n\n#convenios-container .link-titulo {\n    font-size: 1.3rem;\n    font-weight: 600;\n    margin-bottom: 5px;\n}\n\n#convenios-container .link-descripcion {\n    font-size: 1rem;\n    opacity: 0.9;\n    font-weight: 400;\n}\n\n#convenios-container .convenios-info {\n    background: linear-gradient(135deg, #f8f9fa 0%, #e8f5e8 100%);\n    padding: 30px;\n    border-radius: 15px;\n    margin-top: 40px;\n    border-left: 4px solid #27ae60;\n}\n\n#convenios-container .convenios-info h3 {\n    color: #2c3e50;\n    font-size: 1.5rem;\n    margin-bottom: 15px;\n    text-align: center;\n}\n\n#convenios-container .convenios-info p {\n    color: #34495e;\n    font-size: 1.1rem;\n    line-height: 1.6;\n    text-align: center;\n    margin-bottom: 0;\n}\n\n#convenios-container .footer-note {\n    text-align: center;\n    margin-top: 60px;\n    color: #7f8c8d;\n    font-style: italic;\n    padding: 20px;\n    background: white;\n    border-radius: 15px;\n    box-shadow: 0 5px 15px rgba(0, 0, 0, 0.1);\n}\n\n\/* Responsive *\/\n@media (max-width: 768px) {\n    #convenios-container .convenios-card {\n        padding: 40px 30px;\n    }\n    \n    #convenios-container h1.convenios-titulo-principal {\n        font-size: 2.2rem;\n    }\n    \n    #convenios-container .convenios-icono-principal {\n        width: 80px;\n        height: 80px;\n        font-size: 2.5rem;\n    }\n    \n    #convenios-container .convenios-descripcion {\n        font-size: 1.1rem;\n        margin-bottom: 30px;\n    }\n    \n    #convenios-container .convenio-link {\n        padding: 18px 30px;\n        font-size: 1.1rem;\n        max-width: 100%;\n    }\n    \n    #convenios-container .link-icono {\n        width: 45px;\n        height: 45px;\n        font-size: 1.3rem;\n    }\n    \n    #convenios-container .link-titulo {\n        font-size: 1.1rem;\n    }\n}\n\n@media (max-width: 480px) {\n    #convenios-container .autoridades-container {\n        padding: 40px 15px;\n    }\n    \n    #convenios-container .convenios-card {\n        padding: 30px 20px;\n    }\n    \n    #convenios-container h1.convenios-titulo-principal {\n        font-size: 1.8rem;\n    }\n    \n    #convenios-container .convenios-icono-principal {\n        width: 70px;\n        height: 70px;\n        font-size: 2rem;\n    }\n    \n    #convenios-container .convenios-descripcion {\n        font-size: 1rem;\n        margin-bottom: 25px;\n    }\n    \n    #convenios-container .convenio-link {\n        padding: 15px 25px;\n        font-size: 1rem;\n        flex-direction: column;\n        text-align: center;\n        gap: 10px;\n    }\n    \n    #convenios-container .link-icono {\n        width: 40px;\n        height: 40px;\n        font-size: 1.2rem;\n    }\n    \n    #convenios-container .link-texto {\n        text-align: center;\n    }\n    \n    #convenios-container .link-titulo {\n        font-size: 1rem;\n    }\n    \n    #convenios-container .link-descripcion {\n        font-size: 0.9rem;\n    }\n    \n    #convenios-container .convenios-info {\n        padding: 25px 20px;\n    }\n    \n    #convenios-container .convenios-info h3 {\n        font-size: 1.3rem;\n    }\n    \n    #convenios-container .convenios-info p {\n        font-size: 1rem;\n    }\n}\n<\/style>\n\n<link rel=\"stylesheet\" href=\"https:\/\/cdnjs.cloudflare.com\/ajax\/libs\/font-awesome\/5.15.4\/css\/all.min.css\">\n\n<div id=\"convenios-container\">\n    <div class=\"autoridades-container\">\n        <div class=\"container\">\n            <h1 class=\"convenios-titulo-principal\">Convenios Acad\u00e9micos<\/h1>\n            \n            <div class=\"convenios-card\">\n                <div class=\"convenios-icono-principal\">\n                    <i class=\"fas fa-handshake\"><\/i>\n                <\/div>\n                \n                <p class=\"convenios-descripcion\">\n                    La Universidad T\u00e9cnica de Oruro mantiene convenios acad\u00e9micos con instituciones nacionales e internacionales para fortalecer la cooperaci\u00f3n, movilidad estudiantil y desarrollo de proyectos conjuntos.\n                <\/p>\n                \n                <a href=\"https:\/\/www.uto.edu.bo\/wp-content\/uploads\/2025\/10\/CONVENIOS-ACADEMICOS.pdf\" class=\"convenio-link\" target=\"_blank\">\n                    <div class=\"link-icono\">\n                        <i class=\"fas fa-file-pdf\"><\/i>\n                    <\/div>\n                    <div class=\"link-texto\">\n                        <div class=\"link-titulo\">Convenios Acad\u00e9micos<\/div>\n                        <div class=\"link-descripcion\">Documento completo de convenios institucionales<\/div>\n                    <\/div>\n                <\/a>\n                \n                <div class=\"convenios-info\">\n                    <h3>Informaci\u00f3n sobre Convenios<\/h3>\n                    <p>\n                        Los convenios acad\u00e9micos permiten el intercambio de conocimientos, investigaci\u00f3n colaborativa y oportunidades de movilidad para estudiantes y docentes de la Universidad T\u00e9cnica de Oruro.\n                    <\/p>\n                <\/div>\n            <\/div>\n        <\/div>\n    <\/div>\n<\/div>\n","protected":false},"excerpt":{"rendered":"<p>Convenios Acad\u00e9micos La Universidad T\u00e9cnica de Oruro mantiene convenios acad\u00e9micos con instituciones nacionales e internacionales para fortalecer la cooperaci\u00f3n, movilidad estudiantil y desarrollo de proyectos conjuntos. Convenios Acad\u00e9micos Documento completo de convenios institucionales Informaci\u00f3n sobre Convenios Los convenios acad\u00e9micos permiten el intercambio de conocimientos, investigaci\u00f3n colaborativa y oportunidades de movilidad para estudiantes y docentes de [&hellip;]<\/p>\n","protected":false},"author":1,"featured_media":0,"parent":0,"menu_order":0,"comment_status":"closed","ping_status":"closed","template":"","meta":{"_uag_custom_page_level_css":"","site-sidebar-layout":"default","site-content-layout":"","ast-site-content-layout":"default","site-content-style":"default","site-sidebar-style":"default","ast-global-header-display":"","ast-banner-title-visibility":"","ast-main-header-display":"","ast-hfb-above-header-display":"","ast-hfb-below-header-display":"","ast-hfb-mobile-header-display":"","site-post-title":"disabled","ast-breadcrumbs-content":"","ast-featured-img":"","footer-sml-layout":"","theme-transparent-header-meta":"","adv-header-id-meta":"","stick-header-meta":"","header-above-stick-meta":"","header-main-stick-meta":"","header-below-stick-meta":"","astra-migrate-meta-layouts":"default","ast-page-background-enabled":"default","ast-page-background-meta":{"desktop":{"background-color":"var(--ast-global-color-5)","background-image":"","background-repeat":"repeat","background-position":"center center","background-size":"auto","background-attachment":"scroll","background-type":"","background-media":"","overlay-type":"","overlay-color":"","overlay-opacity":"","overlay-gradient":""},"tablet":{"background-color":"","background-image":"","background-repeat":"repeat","background-position":"center center","background-size":"auto","background-attachment":"scroll","background-type":"","background-media":"","overlay-type":"","overlay-color":"","overlay-opacity":"","overlay-gradient":""},"mobile":{"background-color":"","background-image":"","background-repeat":"repeat","background-position":"center center","background-size":"auto","background-attachment":"scroll","background-type":"","background-media":"","overlay-type":"","overlay-color":"","overlay-opacity":"","overlay-gradient":""}},"ast-content-background-meta":{"desktop":{"background-color":"var(--ast-global-color-4)","background-image":"","background-repeat":"repeat","background-position":"center center","background-size":"auto","background-attachment":"scroll","background-type":"","background-media":"","overlay-type":"","overlay-color":"","overlay-opacity":"","overlay-gradient":""},"tablet":{"background-color":"var(--ast-global-color-4)","background-image":"","background-repeat":"repeat","background-position":"center center","background-size":"auto","background-attachment":"scroll","background-type":"","background-media":"","overlay-type":"","overlay-color":"","overlay-opacity":"","overlay-gradient":""},"mobile":{"background-color":"var(--ast-global-color-4)","background-image":"","background-repeat":"repeat","background-position":"center center","background-size":"auto","background-attachment":"scroll","background-type":"","background-media":"","overlay-type":"","overlay-color":"","overlay-opacity":"","overlay-gradient":""}},"_themeisle_gutenberg_block_has_review":false,"footnotes":""},"class_list":["post-102","page","type-page","status-publish","hentry"],"uagb_featured_image_src":{"full":false,"thumbnail":false,"medium":false,"medium_large":false,"large":false,"1536x1536":false,"2048x2048":false},"uagb_author_info":{"display_name":"UTO","author_link":"https:\/\/www.uto.edu.bo\/?author=1"},"uagb_comment_info":0,"uagb_excerpt":"Convenios Acad\u00e9micos La Universidad T\u00e9cnica de Oruro mantiene convenios acad\u00e9micos con instituciones nacionales e internacionales para fortalecer la cooperaci\u00f3n, movilidad estudiantil y desarrollo de proyectos conjuntos. Convenios Acad\u00e9micos Documento completo de convenios institucionales Informaci\u00f3n sobre Convenios Los convenios acad\u00e9micos permiten el intercambio de conocimientos, investigaci\u00f3n colaborativa y oportunidades de movilidad para estudiantes y docentes de&hellip;","_links":{"self":[{"href":"https:\/\/www.uto.edu.bo\/index.php?rest_route=\/wp\/v2\/pages\/102","targetHints":{"allow":["GET"]}}],"collection":[{"href":"https:\/\/www.uto.edu.bo\/index.php?rest_route=\/wp\/v2\/pages"}],"about":[{"href":"https:\/\/www.uto.edu.bo\/index.php?rest_route=\/wp\/v2\/types\/page"}],"author":[{"embeddable":true,"href":"https:\/\/www.uto.edu.bo\/index.php?rest_route=\/wp\/v2\/users\/1"}],"replies":[{"embeddable":true,"href":"https:\/\/www.uto.edu.bo\/index.php?rest_route=%2Fwp%2Fv2%2Fcomments&post=102"}],"version-history":[{"count":5,"href":"https:\/\/www.uto.edu.bo\/index.php?rest_route=\/wp\/v2\/pages\/102\/revisions"}],"predecessor-version":[{"id":1222,"href":"https:\/\/www.uto.edu.bo\/index.php?rest_route=\/wp\/v2\/pages\/102\/revisions\/1222"}],"wp:attachment":[{"href":"https:\/\/www.uto.edu.bo\/index.php?rest_route=%2Fwp%2Fv2%2Fmedia&parent=102"}],"curies":[{"name":"wp","href":"https:\/\/api.w.org\/{rel}","templated":true}]}}